he highest common divisor of 2068 and 2041022?
94
What is the highest common divisor of 12 and 144851646?
6
What is the highest common divisor of 91 and 30175873?
91
Calculate the highest common divisor of 828987705 and 2522.
1261
What is the greatest common factor of 825 and 1530420?
15
Calculate the highest common divisor of 43387466 and 6062.
866
Calculate the highest common divisor of 808939 and 95453.
53
Calculate the highest common factor of 141210 and 36390.
30
What is the greatest common factor of 121 and 166177?
11
Calculate the greatest common factor of 19230474 and 1206.
402
What is the highest common divisor of 11664 and 690?
6
What is the greatest common divisor of 14635 and 54550499?
2927
Calculate the greatest common factor of 42165006 and 10608.
78
Calculate the highest common factor of 4203508 and 14276.
172
What is the greatest common factor of 3926 and 32167681?
1963
Calculate the highest common divisor of 16637731 and 132.
11
Calculate the highest common factor of 1749 and 158364.
159
Calculate the greatest common factor of 796389636 and 420.
84
Calculate the greatest common factor of 93467 and 127748.
293
Calculate the greatest common factor of 4288804 and 1316.
4
What is the highest common factor of 6635010 and 29145?
1005
What is the greatest common factor of 10747210 and 7130?
230
What is the greatest common factor of 79940 and 56630?
70
Calculate the greatest common divisor of 588236 and 11542.
58
What is the greatest common factor of 267 and 29294172?
267
Calculate the highest common factor of 56733446 and 14.
14
Calculate the greatest common divisor of 477470 and 8265.
95
Calculate the greatest common divisor of 885210 and 62586.
114
What is the highest common divisor of 248497 and 67080?
43
Calculate the highest common divisor of 42 and 10275783.
21
Calculate the greatest common divisor of 66559 and 404.
101
What is the greatest common divisor of 33 and 3692909?
11
Calculate the greatest common divisor of 3223 and 374.
11
Calculate the greatest common divisor of 18193936 and 22734.
842
Calculate the highest common divisor of 11664 and 496.
16
Calculate the highest common factor of 129 and 7864872.
129
Calculate the highest common divisor of 96 and 110381632.
32
What is the highest common divisor of 30610532 and 183?
61
Calculate the highest common factor of 2853 and 341919.
9
Calculate the greatest common factor of 126834397 and 161.
23
Calculate the highest common divisor of 2070 and 57283110.
2070
Calculate the greatest common factor of 128973 and 24.
3
Calculate the highest common factor of 9 and 5379684.
3
Calculate the greatest common divisor of 2015648 and 8672.
32
Calculate the greatest common factor of 216 and 5961768.
24
Calculate the highest common factor of 86364 and 96228.
36
Calculate the greatest common divisor of 70020 and 22667030.
3890
What is the greatest common factor of 10144562 and 18710?
3742
Calculate the greatest common divisor of 11704 and 2921288.
152
Calculate the highest common factor of 78339006 and 366.
366
What is the highest common factor of 28 and 1962583?
7
What is the greatest common factor of 6477923 and 74?
37
What is the greatest common divisor of 1771 and 7215859?
161
What is the highest common factor of 539495772 and 7596?
2532
What is the greatest common divisor of 19136 and 622518?
598
What is the greatest common divisor of 16103238 and 606?
606
Calculate the highest common factor of 55191272 and 74.
74
What is the greatest common factor of 4293975 and 6825?
525
What is the highest common divisor of 67329 and 19683?
9
Calculate the greatest common factor of 392905 and 251137.
179
Calculate the highest common divisor of 477773 and 1161.
43
What is the highest common divisor of 6611 and 650991781?
6611
What is the highest common divisor of 2697 and 6073086?
93
What is the highest common factor of 4255970 and 130?
10
What is the greatest common divisor of 171 and 8022825?
9
What is the greatest common divisor of 2325 and 10155?
15
What is the greatest common divisor of 11744 and 43328020?
1468
Calculate the greatest common factor of 14760935 and 35.
35
What is the highest common factor of 403014 and 102?
6
What is the greatest common factor of 1417778 and 2890651?
3673
Calculate the highest common divisor of 23270953 and 57.
19
Calculate the greatest common divisor of 145171 and 231071.
859
What is the highest common divisor of 1628 and 374308?
44
Calculate the greatest common factor of 12166505 and 585.
65
Calculate the greatest common factor of 1238163 and 245964.
309
Calculate the highest common factor of 2409687 and 13041.
1449
What is the highest common divisor of 122 and 186544954?
122
What is the greatest common divisor of 127102 and 4600969?
617
What is the greatest common factor of 15528 and 6456?
24
What is the highest common divisor of 830490 and 10246?
94
What is the highest common divisor of 7727 and 333?
1
Calculate the greatest common divisor of 87 and 589245.
3
What is the greatest common divisor of 284167 and 102245?
13
Calculate the highest common divisor of 38376 and 3384.
72
What is the greatest common divisor of 1452 and 120036?
12
What is the greatest common factor of 19 and 56552303?
19
Calculate the greatest common factor of 905094 and 5259735.
2997
What is the greatest common factor of 136085 and 3917647?
1601
Calculate the greatest common factor of 2259 and 32688483.
753
What is the highest common factor of 56254128 and 56?
56
Calculate the highest common divisor of 14354187 and 5883.
111
What is the highest common divisor of 38701 and 7088237?
2977
What is the highest common factor of 53464964 and 196?
28
What is the highest common divisor of 188127426 and 485?
97
What is the greatest common divisor of 2024 and 142065572?
1012
What is the greatest common factor of 362 and 88010526?
362
Calculate the highest common factor of 23892858 and 462.
66
What is the greatest common divisor of 7282980 and 54?
54
Calculate the greatest common factor of 106666 and 69512548.
5614
Calculate the highest common divisor of 40 and 4061120.
40
Calculate the highest common factor of 12829528 and 5624.
296
What is the highest common divisor of 49547160 and 6240?
1560
Calculate the greatest common divisor of 19639 and 7626.
41
Calculate the highest common divisor of 702 and 485955639.
351
Calculate the greatest common factor of 1276240 and 411068.
1484
Calculate the highest common factor of 283 and 363337757.
283
What is the greatest common factor of 234 and 25341642?
18
Calculate the greatest common divisor of 11286400 and 256.
128
What is the greatest common divisor of 6162064 and 88?
8
What is the highest common divisor of 177885 and 326223?
603
Calculate the greatest common factor of 45723312 and 104304.
2544
What is the highest common factor of 128644061 and 5096?
637
Calculate the highest common factor of 96 and 1374981.
3
Calculate the highest common factor of 1073095 and 1570.
785
What is the highest common factor of 476840 and 45710?
70
Calculate the greatest common divisor of 35005 and 81778681.
7001
Calculate the highest common divisor of 37701 and 350991.
531
Calculate the greatest common divisor of 930584 and 392.
8
Calculate the highest common factor of 7291143 and 1569.
1569
Calculate the highest common factor of 5752633 and 426.
71
Calculate the highest common factor of 2010390 and 328890.
570
Calculate the greatest common factor of 228458682 and 36.
18
What is the highest common divisor of 20362 and 27106?
2
Calculate the greatest common factor of 4396450 and 14950.
1150
Calculate the highest common factor of 55 and 60320755.
55
What is the greatest common divisor of 1990184 and 1176?
392
Calculate the highest common factor of 2638992 and 9168.
48
Calculate the highest common divisor of 3880 and 187673466.
194
Calculate the greatest common divisor of 119104864 and 64.
32
What is the highest common divisor of 3507 and 333375?
21
What is the greatest common divisor of 23717177 and 1588?
397
What is the highest common divisor of 53679 and 62674860?
1851
What is the highest common divisor of 27352 and 55190024?
2104
Calculate the greatest common divisor of 10336 and 3365014.
646
What is the greatest common divisor of 1482 and 809880149?
247
Calculate the h